t k be -20 + -3 + (-4 - -11). Let o be ((8/6)/1)/(k/24). What is the hundreds digit of (-237)/o + (-14)/(-28)?
1
Let l = 136 + -101. Let i be ((-98)/l)/(1/(-97 - -2)). Suppose 6*x + x = i. What is the units digit of x?
8
Let u be (4 + -2)/(-7*5/(-105)). Suppose 12545 - 4103 = u*t. What is the units digit of t?
7
Suppose 2 = -8*x + 9*x. Suppose -x*u + 2*k - 64 = -7*u, 0 = 2*u - 3*k - 18. Suppose 2*l - 2*f - f - 172 = 0, 3*f + u = 0. What is the tens digit of l?
8
Let k = 1456 - -2643. What is the hundreds digit of k?
0
Let n = 88 + -87. What is the tens digit of ((-3)/n - -505) + 4?
0
Let v be 5/4 + (6 - (-25)/(-4)). Let g(j) = 3*j**3 + j - 1. Let n be g(v). Suppose -c = -2*x - 313, n*x + 924 = 3*c + 2*x. What is the hundreds digit of c?
3
Let d be (-1 + 3)/(2 - (-32)/(-17)). Suppose d*l = 12*l + 1205. What is the hundreds digit of l?
2
Suppose -3*k = -4*l - 914, -4*k + l - 6*l = -1198. Let j = -170 + k. Suppose j + 188 = 4*y. What is the units digit of y?
0
Suppose 0 = -19*n - 24*n + 660165 + 273021. What is the tens digit of n?
0
Suppose -11962*g + 312375 = -11927*g. What is the units digit of g?
5
Suppose -j - 4*j = -5*q + 25, q + 10 = -4*j. Suppose -142 = -q*m + 86. Suppose -3*b = -60 - m. What is the units digit of b?
8
Let p(j) = 6*j - 27. Let v be p(6). Suppose -g + 4*g = -v. Let i(m) = -6*m**3 - 2*m**2 + 2*m + 4. What is the tens digit of i(g)?
4
Let k(l) = -l**3 - 25*l**2 + 9. Let h be k(-25). Let c be 2/3 + 159/h*2. What is the units digit of (-2)/(-3) + 3*1048/c?
8
Let p(x) = -x**3 + 65*x**2 - 131*x**2 + 7 + 59*x**2 - 2*x. Let n be p(-3). Let z(a) = -a + 32. What is the tens digit of z(n)?
5
Suppose -2*r + 118 = 3*g, 0*g + 76 = 2*g + 4*r. Suppose -4*s - g = -192. What is the hundreds digit of (2071/s)/((-2)/(-4))?
1
Let f(n) = 74*n**2 - n + 4. Let k be f(-2). Let b = k - 69. What is the tens digit of b?
3
Suppose 0 = -8*l + 3*l - 9895. Let x = -1369 - l. What is the hundreds digit of x?
6
Suppose -v + 104 = -7. Let o = v - 112. What is the tens digit of o/2*3 - (-10881)/78?
3
Let q(n) = -n**2 - n. Let h(f) = -f**3 + 13*f**2 + 5*f - 43. Let d(y) = -h(y) - 4*q(y). What is the units digit of d(10)?
3
Let z be 10/(-2) + 2*20/5. Suppose 0 = -z*p - 4*w - 112 + 1834, -1713 = -3*p - w. What is the hundreds digit of p?
5
Let k = 4386 - 3750. What is the tens digit of k?
3
Let f = 483 - 485. Let b(u) = -628*u + 2. What is the hundreds digit of b(f)?
2
Suppose 5041140 = 191*d - 35*d. What is the thousands digit of d?
2
Let q(g) be the first derivative of -2*g**3/3 + 11*g**2 + 3*g - 13. Let u be q(11). Suppose -92 = -u*l + 190. What is the tens digit of l?
9
Let g(l) = -10902*l**3 + 7*l**2 - 5*l - 28. What is the units digit of g(-2)?
6
Suppose -n + 1 - 18 = 0. Let i = n - -29. Suppose -3*t + 51 = i. What is the units digit of t?
3
Suppose 3*v = -2*v. Let b(h) = h**2 + 3*h + 303. What is the units digit of b(v)?
3
Let f = -1124 - -1722. Let s = f - 423. What is the hundreds digit of s?
1
Suppose a - 1 = -2*x, 4*a = 16*x - 17*x - 17. What is the hundreds digit of (1001 + 10)*2/x?
6
Suppose 0 = -b + 2*b + 2*p - 9113, 3*p = -2*b + 18227. Suppose -3197 = -12*s + b. What is the units digit of s?
6
Let u(b) = -17*b**2 + 2*b + 6. Let m(c) = -18*c**2 + 2*c + 5. Let a(s) = -3*m(s) + 2*u(s). Let n = -473 - -471. What is the tens digit of a(n)?
8
Suppose -7*j - 696 = -11*j. Let q = j + -72. Suppose l = 4 + q. What is the tens digit of l?
0
Let u(d) = 84*d - 235. What is the hundreds digit of u(53)?
2
Let y be -2*1*15*10/(-60). Suppose -g - 900 = -y*b, 900 = 5*b + g + 4*g. What is the tens digit of b?
8
Let l be (-30)/(-225) + (-10982)/15. Let u = l + 1299. Suppose 8*i - u = -i. What is the units digit of i?
3
What is the hundreds digit of (4 + 2)*(-66008)/(-12) + (10 - 3)?
0
Suppose -4*t + 4*d - 32512 = 0, -5*t + 4*d = 7*d + 40656. What is the units digit of ((-6)/5)/(((-99)/t)/(-11))?
4
Let f = 85 - -391. Suppose -a + f = -4*q, 4*a + 3*q + 952 = 6*a. What is the hundreds digit of a?
4
Suppose 0*q = -4*q + 44. Suppose q*m - 6*m = k - 90, 0 = k + m - 78. What is the hundreds digit of 978/8 - 20/k?
1
Let l(o) = 2*o + 14. Let k be l(-6). Suppose 2*i = -k*i + 28. Let t(c) = -c + 29. What is the units digit of t(i)?
2
Let c = 17464 + -9888. What is the units digit of c?
6
Suppose 15*v = 12*v + 12. Suppose -v*n + 3*m + 1644 = 5*m, 834 = 2*n - 5*m. What is the units digit of n?
2
Let a(r) = -7*r - 2 - 4*r**3 - 6*r**3 + 9*r**3 + 3*r + 5*r**2. Let l be a(2). Suppose 54 = l*j - 22. What is the tens digit of j?
3
Suppose 80 = -2*u + 4*u. Let d be (0 - (-12)/15)*-20. Let t = u + d. What is the units digit of t?
4
Let p = 81 - 77. Suppose -3*l - 21 = a, -p*l - 8 + 43 = -a. Let r(m) = m**2 + 20*m - 55. What is the hundreds digit of r(a)?
1
Suppose 2*a - 10 = 4*p, -3*a - 6 = 5*p - 21. Suppose a*m = d + 150, -2*d = -0*d - 10. What is the units digit of m?
1
Suppose 24 = y - 5*r, 4*r + 19 + 9 = 3*y. Suppose 0 = -4*m + 5*c + 3180, -4*m + y*c = 7*c - 3212. What is the units digit of m?
0
Let o(s) = -s**3 - 4*s**2 + 17*s + 362. What is the units digit of o(-43)?
2
Let y = -4227 - -18533. What is the thousands digit of y?
4
Let o(n) = 1443*n - 22. What is the hundreds digit of o(3)?
3
What is the thousands digit of 135/(-225) - (-147440)/25?
5
Suppose 5*g + 5*w - 15411 = 6*w, w = 3*g - 9245. Let i = g - 2193. What is the hundreds digit of i?
8
Let v(k) = 69*k - 458. Let w(o) = -36*o + 229. Let b(a) = -3*v(a) - 5*w(a). What is the units digit of b(-21)?
6
Let n(t) = -t**2 + 13*t - 3. Let z(a) = -a**3 + a - 1. Let d(x) = 15*x**3 - 2*x + 6. Let r(c) = -d(c) - 4*z(c). Let b be r(-1). What is the tens digit of n(b)?
1
Suppose 4*n + 4*a - 9494 - 18022 = 0, -5*a = 3*n - 20643. What is the units digit of n?
6
Let y be 10/((-10)/(-849))*(4 - 3). Let f = 1007 - y. What is the units digit of f?
8
What is the units digit of (-4)/(-30) + 124314/9 + 6/5?
4
Let o(f) = 970*f**2 - 152*f - 428. What is the units digit of o(-3)?
8
Let w be ((-18795)/2)/(-7) + (-15)/(-10). Suppose -5*z + w = 4*k - 2*z, 5*z = 3*k - 979. What is the units digit of k?
3
Let f(s) = s**2 - 4*s - 1. Let r be f(5). Suppose -20 = -g - r*g. Suppose -94 = -2*y + g*p + 88, 3*p - 217 = -2*y. What is the tens digit of y?
0
Let s be (2/(-6))/((6 + -2)/(-24)). Suppose -8*a - 3*j - 393 = -12*a, s*j = 10. Suppose -6*r + 1224 = -a. What is the tens digit of r?
2
Let s(k) be the first derivative of 21*k**2 + 151*k + 197. What is the units digit of s(12)?
5
Suppose -m = -5*m - 5*a + 58, -5*a - 27 = -m. Suppose -m = -u + 3. Suppose -u*g + 12*g = -608. What is the units digit of g?
6
Let h = -46 - -189. Suppose 273 = -5*v - 4*i + 3*i, -v + 2*i = 59. Let m = h + v. What is the units digit of m?
8
Let v be (2250/(-27) - -5)*-15. What is the tens digit of (-2)/((-2)/v) + -2?
7
Let h be (2 + -13)/((-1)/3). Let b = 46 + -41. Suppose b*i - 4*s - h = 4*i, -9 = 3*s. What is the tens digit of i?
2
Let b(t) = 18*t**2 - 5. Let z(v) = 16*v**2 - v - 5. Let c be (-2)/(-4 + (11/3 - 0)). Let r(k) = c*b(k) - 5*z(k). What is the hundreds digit of r(3)?
2
Let t be (1 - -173)/3 - (2 - 0). Let z = -56 + t. Suppose z = -6*x + 7*x - 99. What is the tens digit of x?
9
Suppose -4*y + 4*x = y + 33, -2*x = y + 1. What is the units digit of 49/15*-3*y?
9
Suppose 7533 - 1354053 = 15*n - 50*n. What is the hundreds digit of n?
4
Let k(g) = g**3 - 18*g**2 + 26*g - 32. Let m be k(13). Let i = m - -918. What is the units digit of i?
9
Let x(t) = -15*t - 89. Suppose 0 = -168*z + 174*z + 108. What is the hundreds digit of x(z)?
1
Let p(y) = 2*y**2 + 34*y - 10. Let n be p(-19). Let t(f) = n*f + 9 + 37*f - 71*f. What is the hundreds digit of t(6)?
2
Suppose -16 = -4*b, -145 - 86 = 5*v + b. Let m = v + 47. Suppose m = -2*p + 5*f + 107, -3*p - 5*f = 2*p - 180. What is the units digit of p?
1
Let p(u) = -3*u**2 + 44. Let h be p(9). Let l = 1199 + h. What is the hundreds digit of l?
0
Let r = 141 - 143. Let c(w) = 82*w**2 + 4*w + 11. What is the units digit of c(r)?
1
Let w be 2/(-8) + (-26)/(-8). Suppose n - q + 137 = w*n, n - 46 = 4*q. Suppose 0 = z - n - 15. What is the tens digit of z?
8
Let w be 0/((-2 - 0)*3/(-6)). Suppose 5*z - 135 = -w*z. Suppose 28*h = z*h + 169. What is the tens digit of h?
6
What is the hundreds digit of -6*(-898431)/102 + (-804)/102 + 8?
8
Su